 the remainder when 17541039 is divided by 3143.
3099
Calculate the remainder when 189320029 is divided by 52.
41
Calculate the remainder when 1284377 is divided by 214054.
53
Calculate the remainder when 693563 is divided by 30117.
872
What is the remainder when 22377678 is divided by 895?
888
What is the remainder when 598363 is divided by 17084?
423
What is the remainder when 69162685 is divided by 33?
31
Calculate the remainder when 30979711 is divided by 29.
26
Calculate the remainder when 124404 is divided by 61679.
1046
Calculate the remainder when 836562 is divided by 2511.
399
Calculate the remainder when 10043359 is divided by 17.
14
Calculate the remainder when 1695575 is divided by 113032.
95
What is the remainder when 3292738 is divided by 22?
20
What is the remainder when 133052 is divided by 5542?
44
Calculate the remainder when 19752 is divided by 2818.
26
Calculate the remainder when 503410 is divided by 1281.
1258
Calculate the remainder when 74865 is divided by 2144.
1969
Calculate the remainder when 9448489 is divided by 674890.
29
Calculate the remainder when 14286945 is divided by 223.
4
What is the remainder when 1629622 is divided by 22?
16
What is the remainder when 960770 is divided by 4910?
3320
Calculate the remainder when 28651498 is divided by 1333.
1329
What is the remainder when 1074655 is divided by 445?
425
What is the remainder when 180293 is divided by 7480?
773
What is the remainder when 762851 is divided by 35?
26
What is the remainder when 198957409 is divided by 6?
1
Calculate the remainder when 1918599 is divided by 195.
189
What is the remainder when 92927807 is divided by 21?
14
What is the remainder when 8816164 is divided by 11?
5
Calculate the remainder when 20264064 is divided by 17469.
24
What is the remainder when 9642657 is divided by 1377521?
10
What is the remainder when 35387 is divided by 6?
5
Calculate the remainder when 3480550 is divided by 1214.
12
Calculate the remainder when 3723231 is divided by 25.
6
What is the remainder when 3192340 is divided by 245548?
216
Calculate the remainder when 4137624 is divided by 9.
0
What is the remainder when 1025170 is divided by 146452?
6
What is the remainder when 4451941 is divided by 24871?
32
What is the remainder when 8245677 is divided by 479?
171
What is the remainder when 209002 is divided by 713?
93
Calculate the remainder when 41836572 is divided by 75.
72
Calculate the remainder when 20384 is divided by 2903.
63
What is the remainder when 4392471 is divided by 4392462?
9
What is the remainder when 58005493 is divided by 91?
0
What is the remainder when 333616721 is divided by 1692?
5
What is the remainder when 4874 is divided by 1932?
1010
What is the remainder when 3585207 is divided by 2109?
2016
Calculate the remainder when 25944 is divided by 1562.
952
Calculate the remainder when 545 is divided by 418.
127
Calculate the remainder when 10056423 is divided by 354.
345
Calculate the remainder when 5167254 is divided by 206688.
54
Calculate the remainder when 4722961 is divided by 3716.
3641
What is the remainder when 98580 is divided by 49250?
80
What is the remainder when 12747075 is divided by 111?
57
Calculate the remainder when 1206955 is divided by 2820.
2815
What is the remainder when 450920 is divided by 148364?
5828
Calculate the remainder when 3849174564 is divided by 3515.
3514
What is the remainder when 293733 is divided by 146531?
671
What is the remainder when 55567 is divided by 24836?
5895
What is the remainder when 198199949 is divided by 205?
4
Calculate the remainder when 130678 is divided by 18611.
401
What is the remainder when 661672 is divided by 1497?
1495
What is the remainder when 26642484 is divided by 69?
66
Calculate the remainder when 506302679 is divided by 60.
59
What is the remainder when 60403302 is divided by 68?
58
Calculate the remainder when 22945 is divided by 1272.
49
What is the remainder when 91367 is divided by 740?
347
What is the remainder when 8007356 is divided by 320?
316
Calculate the remainder when 14411967 is divided by 566.
475
Calculate the remainder when 3060 is divided by 648.
468
What is the remainder when 316724 is divided by 4343?
4028
What is the remainder when 42468 is divided by 14009?
441
What is the remainder when 1199978 is divided by 1335?
1148
Calculate the remainder when 93055617 is divided by 595.
592
Calculate the remainder when 18880511 is divided by 223.
216
What is the remainder when 387704258 is divided by 1931?
9
What is the remainder when 2535537 is divided by 15651?
75
Calculate the remainder when 6729595 is divided by 1.
0
What is the remainder when 117687 is divided by 39148?
243
What is the remainder when 19318739 is divided by 2721?
2360
Calculate the remainder when 131949 is divided by 1775.
599
What is the remainder when 1386558 is divided by 899?
300
Calculate the remainder when 49469881 is divided by 5.
1
Calculate the remainder when 2592078 is divided by 444.
6
Calculate the remainder when 15263234 is divided by 461.
446
Calculate the remainder when 8868336 is divided by 633452.
8
Calculate the remainder when 7096 is divided by 1009.
33
Calculate the remainder when 982821 is divided by 38.
27
What is the remainder when 51477 is divided by 51351?
126
Calculate the remainder when 38975 is divided by 12898.
281
Calculate the remainder when 17061 is divided by 574.
415
What is the remainder when 2162056 is divided by 314?
166
Calculate the remainder when 254085140 is divided by 6761.
6760
What is the remainder when 446018 is divided by 12644?
3478
What is the remainder when 3649758 is divided by 912439?
2
Calculate the remainder when 139524 is divided by 5351.
398
Calculate the remainder when 3961337 is divided by 1606.
941
Calculate the remainder when 1090842 is divided by 1941.
0
Calculate the remainder when 3099247 is divided by 309910.
147
Calculate the remainder when 1344766 is divided by 1815.
1666
What is the remainder when 1021790 is divided by 418?
198
What is the remainder when 400839 is divided by 1223?
918
Calculate the remainder when 122282 is divided by 4524.
134
Calculate the remainder when 78704 is divided by 6524.
416
What is the remainder when 165905 is divided by 2928?
1937
Calculate the remainder when 15772048 is divided by 21.
19
Calculate the remainder when 1306964 is divided by 1102.
1094
Calculate the remainder when 79075 is divided by 588.
283
What is the remainder when 111839 is divided by 9306?
167
Calculate the remainder when 296702 is divided by 36.
26
Calculate the remainder when 1477430 is divided by 295482.
20
What is the remainder when 9201136 is divided by 65?
61
Calculate the remainder when 2961802 is divided by 940.
802
What is the remainder when 3202707 is divided by 130?
27
What is the remainder when 2023930 is divided by 2023899?
31
Calculate the remainder when 4922401 is divided by 8096.
33
What is the remainder when 1481500 is divided by 1957?
51
What is the remainder when 38395667 is divided by 587?
584
Calculate the remainder when 18239676 is divided by 207269.
4
What is the remainder when 4487991 is divided by 801?
789
Calculate the remainder when 52280504 is divided by 217.
213
Calculate the remainder when 129442287 is divided by 790.
787
What is the remainder when 10662813 is divided by 313?
155
What is the remainder when 2748678399 is divided by 1040?
1039
What is the remainder when 132828658 is divided by 5?
3
Calculate the remainder when 6054749 is divided by 10812.
29
What is the remainder when 31818 is divided by 661?
90
What is the remainder when 9357445 is divided by 101?
98
What is the remainder when 4082868 is divided by 3538?
16
Calculate the remainder when 59524492 is divided by 489.
478
What is the remainder when 836702 is divided by 387?
8
Calculate the remainder when 330754 is divided by 2373.
907
What is the remainder when 6850 is divided by 633?
520
What is the remainder when 37960102 is divided by 15?
7
What is the remainder when 99280 is divided by 11031?
1
What is the remainder when 248917 is divided by 41482?
25
Calculate the remainder when 2532216 is divided by 1266033.
150
What is the remainder when 65591639 is divided by 8?
7
Calculate the remainder when 137208 is divided by 45484.
75